0892 is divided by 66?
4
What is the remainder when 6352 is divided by 1759?
1075
Calculate the remainder when 122941 is divided by 16.
13
What is the remainder when 2183 is divided by 39?
38
What is the remainder when 166517 is divided by 1448?
1445
What is the remainder when 1266864 is divided by 33?
27
Calculate the remainder when 65542 is divided by 13.
9
Calculate the remainder when 2137667 is divided by 852.
851
What is the remainder when 1076075 is divided by 142?
141
What is the remainder when 59326 is divided by 86?
72
What is the remainder when 911197 is divided by 170?
167
Calculate the remainder when 37213 is divided by 313.
279
Calculate the remainder when 4442 is divided by 27.
14
What is the remainder when 166834 is divided by 93?
85
Calculate the remainder when 25191 is divided by 6297.
3
What is the remainder when 23553 is divided by 4709?
8
Calculate the remainder when 31358 is divided by 1081.
9
Calculate the remainder when 18552 is divided by 358.
294
Calculate the remainder when 40035 is divided by 288.
3
Calculate the remainder when 38762 is divided by 108.
98
Calculate the remainder when 6294 is divided by 6276.
18
Calculate the remainder when 37638 is divided by 30.
18
Calculate the remainder when 42682 is divided by 4263.
52
What is the remainder when 498944 is divided by 737?
732
Calculate the remainder when 3637917 is divided by 40.
37
Calculate the remainder when 9874 is divided by 985.
24
What is the remainder when 1325 is divided by 657?
11
Calculate the remainder when 20998 is divided by 67.
27
Calculate the remainder when 737 is divided by 429.
308
Calculate the remainder when 2097 is divided by 197.
127
Calculate the remainder when 1175 is divided by 49.
48
Calculate the remainder when 1412 is divided by 44.
4
What is the remainder when 2109870 is divided by 652?
650
Calculate the remainder when 498860 is divided by 48.
44
Calculate the remainder when 1153 is divided by 997.
156
Calculate the remainder when 1348 is divided by 156.
100
What is the remainder when 176990 is divided by 1172?
18
What is the remainder when 4374 is divided by 862?
64
What is the remainder when 27719 is divided by 63?
62
Calculate the remainder when 11091 is divided by 3414.
849
What is the remainder when 2528 is divided by 362?
356
What is the remainder when 10099 is divided by 255?
154
What is the remainder when 159011 is divided by 18?
17
What is the remainder when 26563 is divided by 26536?
27
Calculate the remainder when 478717 is divided by 272.
269
What is the remainder when 226599 is divided by 537?
522
What is the remainder when 48042 is divided by 143?
137
What is the remainder when 10152 is divided by 135?
27
Calculate the remainder when 51766 is divided by 713.
430
What is the remainder when 1776 is divided by 880?
16
Calculate the remainder when 2964 is divided by 957.
93
Calculate the remainder when 98036 is divided by 172.
168
Calculate the remainder when 1745 is divided by 447.
404
What is the remainder when 32247 is divided by 36?
27
Calculate the remainder when 3523 is divided by 1152.
67
Calculate the remainder when 220 is divided by 193.
27
What is the remainder when 90467 is divided by 9?
8
Calculate the remainder when 554472 is divided by 4.
0
What is the remainder when 74121 is divided by 5696?
73
Calculate the remainder when 61793 is divided by 13.
4
Calculate the remainder when 12768 is divided by 3062.
520
Calculate the remainder when 521 is divided by 119.
45
What is the remainder when 10117 is divided by 10096?
21
What is the remainder when 159085 is divided by 16?
13
What is the remainder when 15838 is divided by 120?
118
What is the remainder when 307477 is divided by 14?
9
What is the remainder when 10293 is divided by 323?
280
What is the remainder when 76842 is divided by 437?
367
What is the remainder when 38875 is divided by 270?
265
Calculate the remainder when 58073 is divided by 1592.
761
What is the remainder when 72696 is divided by 135?
66
What is the remainder when 49101 is divided by 93?
90
Calculate the remainder when 14756 is divided by 157.
155
What is the remainder when 6107 is divided by 102?
89
Calculate the remainder when 4970 is divided by 1240.
10
Calculate the remainder when 5921303 is divided by 441.
437
Calculate the remainder when 17678 is divided by 803.
12
What is the remainder when 22947 is divided by 231?
78
What is the remainder when 18230 is divided by 276?
14
What is the remainder when 11928 is divided by 11906?
22
What is the remainder when 35514 is divided by 10?
4
What is the remainder when 46977 is divided by 12?
9
What is the remainder when 157246 is divided by 26?
24
Calculate the remainder when 3327 is divided by 185.
182
What is the remainder when 17217 is divided by 110?
57
Calculate the remainder when 9567 is divided by 58.
55
What is the remainder when 1143 is divided by 122?
45
Calculate the remainder when 2070637 is divided by 16.
13
Calculate the remainder when 208840 is divided by 2712.
16
Calculate the remainder when 5939 is divided by 47.
17
What is the remainder when 1210 is divided by 88?
66
What is the remainder when 3158 is divided by 1534?
90
What is the remainder when 7368 is divided by 1494?
1392
Calculate the remainder when 1712 is divided by 7.
4
What is the remainder when 175804 is divided by 35?
34
What is the remainder when 1196518 is divided by 708?
706
What is the remainder when 1496 is divided by 688?
120
Calculate the remainder when 55662 is divided by 392.
390
Calculate the remainder when 26421 is divided by 8807.
0
Calculate the remainder when 941 is divided by 745.
196
What is the remainder when 7120 is divided by 3442?
236
What is the remainder when 1233 is divided by 964?
269
Calculate the remainder when 1926 is divided by 654.
618
What is the remainder when 19415 is divided by 510?
35
What is the remainder when 16152 is divided by 41?
39
Calculate the remainder when 294 is divided by 204.
90
What is the remainder when 11356 is divided by 38?
32
What is the remainder when 42813 is divided by 1312?
829
Calculate the remainder when 5354 is divided by 763.
13
What is the remainder when 9873 is divided by 1611?
207
Calculate the remainder when 7766 is divided by 3878.
10
Calculate the remainder when 27056 is divided by 207.
146
What is the remainder when 130372 is divided by 164?
156
What is the remainder when 8656 is divided by 512?
464
What is the remainder when 8378 is divided by 254?
250
What is the remainder when 2787 is divided by 308?
15
What is the remainder when 55140 is divided by 349?
347
What is the remainder when 1623 is divided by 252?
111
Calculate the remainder when 134851 is divided by 228.
103
What is the remainder when 724679 is divided by 495?
494
Calculate the remainder when 4968402 is divided by 741.
738
Calculate the remainder when 4870 is divided by 53.
47
Calculate the remainder when 2964249 is divided by 733.
730
What is the remainder when 306 is divided by 94?
24
What is the remainder when 4864238 is divided by 27?
26
What is the remainder when 2346 is divided by 147?
141
Calculate the remainder when 40496 is divided by 634.
554
Calculate the remainder when 4298 is divided by 478.
474
What is the remainder when 2143 is divided by 490?
183
What is the remainder when 143963 is divided by 1273?
114
What is the remainder when 1096 is divided by 651?
445
What is the remainder when 14125 is divided by 179?
163
What is the remainder when 18313 is divided by 482?
479
What is the remainder when 362425 is divided by 2?
1
Calculate the remainder when 119160 is divided by 896.
888
Calculate the remainder when 1044698 is divided by 914.
910
Calculate the remainder when 14294 is divided by 714.
14
What is the remainder when 4105 is divided by 111?
109
What is the remainder when 36803 is divided by 1531?
59
What is the remainder when 34959 is divided by 2052?
75
Calculate the remainder when 93773 is divided by 23417.
105
What is the remainder when 334899 is divided by 8?
3
Calculate the remainder when 13258 is divided by 551.
34
What is the remainder when 739 is divided by 375?
364
Calculate the remainder when 54723 is divided by 27308.
107
What is the remainder when 102687 is divided by 213?
21
Calculate the remainder when